. Calculate i(-67).
8
Let f(i) = 363*i + 7284. Calculate f(-20).
24
Let r(f) = f**3 + 190*f**2 + 390*f + 2635. Determine r(-188).
3
Let s(t) = 3*t**3 + 11*t**2 - 18*t - 25. Give s(-4).
31
Let w(b) = -20*b**2 - 17*b - 10. What is w(-1)?
-13
Let z(u) = -2*u**3 - 395*u**2 - 2097*u + 2878. Determine z(-192).
-2
Let f(z) = 505*z + 981. Calculate f(-2).
-29
Let l(c) = 174*c - 421. Determine l(4).
275
Let n(x) = -138*x + 1166. Give n(8).
62
Let c(u) = -u**3 - 55*u**2 + 362*u + 3721. Give c(-60).
1
Let g(i) = -6*i + 24. Determine g(33).
-174
Let g(u) = -1745*u + 19170. Determine g(11).
-25
Let s(v) = 27*v + 159. Determine s(18).
645
Let h(c) = c**3 - 3*c**2 - 11*c + 17. Calculate h(3).
-16
Let t(h) = -h**3 + 29*h**2 + 138*h - 4876. What is t(14)?
-4
Let r(x) = -5*x**3 + 63*x**2 + 25*x + 21. Determine r(13).
8
Let i(u) = -131*u - 536. Give i(-4).
-12
Let g(c) = -c**3 + 51*c**2 - 42*c - 421. Give g(50).
-21
Let g(c) = c**2 + 32*c + 225. Determine g(-7).
50
Let n(q) = 158*q**2 - 159*q + 4. Give n(1).
3
Let w(u) = -64*u + 6848. What is w(107)?
0
Let j(i) = -10*i - 517. Give j(-51).
-7
Let p(c) = c**3 + 59*c**2 + 54*c - 18. Give p(-58).
214
Let b(f) = 29*f**2 + 3021*f + 526. Calculate b(-104).
6
Let w(t) = -484*t + 15483. Calculate w(32).
-5
Let s(y) = 8*y**2 + 54*y - 477. Give s(5).
-7
Let z(m) = -3*m**2 + 67*m + 69. Give z(-1).
-1
Let w(n) = 4*n - 507. Calculate w(126).
-3
Let f(k) = k**3 - 4*k**2 - 103*k - 185. Determine f(13).
-3
Let b(t) = 11*t**2 - 71*t - 126. Determine b(8).
10
Let q(m) = 10*m**2 - 41*m + 44. Determine q(2).
2
Let q(m) = -4*m**3 - 18*m**2 - 25*m - 6. What is q(-3)?
15
Let f(j) = 4*j**2 - 364*j + 4045. What is f(13)?
-11
Let c(a) = -12*a**2 + 118*a + 18. Determine c(10).
-2
Let i(v) = -v**3 - 24*v**2 + 30*v + 126. Calculate i(-25).
1
Let n(l) = -283*l - 5096. Give n(-18).
-2
Let j(d) = 2*d**3 + 22*d**2 - 205*d - 763. Calculate j(-3).
-4
Let b(q) = q**3 - 23*q**2 + 18*q + 95. Determine b(22).
7
Let y(b) = -13*b**3 - b**2 - 32*b - 32. What is y(-1)?
12
Let m(j) = 2*j**3 + 177*j**2 - 451*j + 356. Determine m(-91).
-8
Let o(y) = -5*y**3 - 194*y**2 + 37*y + 12. Give o(-39).
90
Let v(a) = a**3 + 9*a**2 + 157*a + 1662. Determine v(-10).
-8
Let n(j) = j**3 - 56*j**2 + 541*j + 772. Determine n(43).
-2
Let a(m) = -m**2 + 26*m - 10. Determine a(21).
95
Let a(w) = -w**2 - 56*w - 734. Determine a(-40).
-94
Let z(d) = -15*d - 256. What is z(-12)?
-76
Let l(r) = 3*r - 494. What is l(57)?
-323
Let v(h) = -h**3 - 11*h**2 - 7*h + 58. Give v(-9).
-41
Let o(l) = -l**2 + 33*l - 335. Determine o(11).
-93
Let s(o) = -o**2 + 30*o - 13. What is s(26)?
91
Let t(z) = z**2 - 53*z + 283. Determine t(6).
1
Let u(s) = -s**2 - 13*s + 343. Calculate u(13).
5
Let z(k) = 6*k**3 + 2*k**2 + 28. Determine z(0).
28
Let c(k) = -1732*k + 29438. Give c(17).
-6
Let t(h) = -2*h**3 + 9*h + 14. Give t(-3).
41
Let z(a) = -25*a + 24. Determine z(1).
-1
Let i(u) = -345*u - 14522. What is i(-42)?
-32
Let k(c) = -13*c + 89. Calculate k(-15).
284
Let a(j) = 63*j - 1198. What is a(19)?
-1
Let r(h) = 66*h + 2732. Give r(-41).
26
Let i(j) = j**3 + 11*j**2 - 16*j - 3. Determine i(-12).
45
Let q(x) = 8*x**2 + 167*x + 289. What is q(-19)?
4
Let i(a) = 2*a**3 + 182*a**2 - 188*a - 357. Give i(-92).
11
Let d(m) = -303*m - 26699. Calculate d(-88).
-35
Let f(k) = -74*k - 1574. Calculate f(-21).
-20
Let a(c) = -c**3 - 19*c**2 - 89*c - 17. What is a(-9)?
-26
Let c(y) = 49*y - 5603. Give c(114).
-17
Let n(c) = -334*c - 994. What is n(-3)?
8
Let h(f) = 8*f**2 + 32*f + 11. Calculate h(-3).
-13
Let b(w) = 285*w**2 - 2*w + 3. Give b(1).
286
Let z(x) = x**2 - 53*x - 288. Determine z(58).
2
Let a(d) = 17*d - 703. Determine a(44).
45
Let p(h) = h**2 - 303*h - 3555. Give p(-11).
-101
Let k(z) = z**3 + 92*z**2 - 192*z - 494. What is k(-94)?
-118
Let i(z) = -z**3 - 26*z**2 + 53*z - 34. What is i(-28)?
50
Let g(i) = 3*i**2 + 55*i + 215. Calculate g(-6).
-7
Let m(h) = -13*h**2 + 16*h + 5. What is m(2)?
-15
Let t(m) = -84*m + 977. Calculate t(13).
-115
Let s(a) = -276*a - 2090. Give s(-8).
118
Let k(d) = 12*d**2 - 171*d + 58. Determine k(14).
16
Let o(g) = 21*g + 351. Determine o(-17).
-6
Let i(t) = -t**2 - 53*t + 818. Determine i(-64).
114
Let z(v) = -v**2 - 2*v + 477. What is z(21)?
-6
Let g(l) = -32*l + 580. What is g(18)?
4
Let t(u) = 4*u**2 - 775*u - 192. What is t(194)?
2
Let g(d) = -d**2 + 143*d + 2359. What is g(158)?
-11
Let l(g) = -2*g**2 + 124*g - 1894. Give l(26).
-22
Let l(a) = a**3 + 14*a**2 - 525*a + 61. Determine l(-31).
-1
Let x(a) = 2*a**2 - 29*a + 103. What is x(9)?
4
Let p(o) = 4*o - 114. Give p(15).
-54
Let x(f) = 430*f - 3. Calculate x(0).
-3
Let m(a) = -1662*a - 24933. Give m(-15).
-3
Let l(p) = -14*p**2 - 86*p + 13. Calculate l(-6).
25
Let d(p) = 10*p**3 + 10*p**2 - 9. Give d(-2).
-49
Let w(f) = f**3 + 6*f**2 - 30*f + 102. Calculate w(-10).
2
Let w(j) = -j**2 - 7*j + 552. What is w(20)?
12
Let d(r) = -26*r - 18. Calculate d(-2).
34
Let p(u) = -12*u - 19. What is p(16)?
-211
Let n(f) = -f**3 + 88*f**2 + 243*f + 2719. What is n(91)?
-11
Let u(r) = 229*r**3 - 3*r**2 - 4*r + 3. What is u(1)?
225
Let a(r) = -r**2 - r - 63. Give a(-8).
-119
Let p(f) = 2*f + 104. Give p(-35).
34
Let f(x) = 97*x - 3582. Determine f(37).
7
Let o(b) = b**2 + 152*b + 558. What is o(-4)?
-34
Let z(j) = -55*j - 473. What is z(-9)?
22
Let p(d) = -26*d - 19. Give p(-7).
163
Let d(i) = -i**2 - 18*i - 107. Calculate d(-8).
-27
Let a(d) = 2*d**3 + 82*d**2 + 98*d + 19. What is a(-40)?
-701
Let b(l) = -138*l + 410. Determine b(3).
-4
Let a(v) = 103*v - 13245. What is a(129)?
42
Let s(y) = -y**2 - 669*y - 4623. What is s(-7)?
11
Let w(r) = -4*r**2 + 36*r + 45. What is w(9)?
45
Let d(i) = -2*i**3 - 31*i**2 - 23*i - 115. Determine d(-15).
5
Let n(l) = 4*l**2 - 2*l - 29. Calculate n(3).
1
Let z(y) = y**3 - 18*y**2 + 7*y - 129. Calculate z(18).
-3
Let k(n) = -65*n**2 + 780*n + 5. What is k(12)?
5
Let x(n) = n**3 - 13*n**2 - 22*n - 114. Calculate x(15).
6
Let k(h) = h**3 + 147*h**2 + 125*h - 3077. What is k(-146)?
-11
Let f(a) = a**3 - 28*a**2 + 60*a + 23. Calculate f(26).
231
Let y(v) = -861*v + 8524. Determine y(10).
-86
Let n(j) = -7*j - 365. Determine n(-56).
27
Let g(k) = k**3 + 2*k**2 + k - 16. Determine g(3).
32
Let y(c) = 253*c**3 + c**2 + 6*c + 5. Calculate y(-1).
-253
Let u(l) = -l**2 + 42*l - 35. Calculate u(44).
-123
Let j(d) = 2*d**2 + 95*d - 893. Calculate j(8).
-5
Let g(y) = 12*y**2 + 10*y - 35. Determine g(3).
103
Let a(l) = -22*l**2 + 7*l - 16. What is a(2)?
-90
Let x(p) = 8*p + 329. Calculate x(-30).
89
Let x(q) = 1645*q + 14806. Determine x(-9).
1
Let g(m) = -3*m**2 - 375*m - 7503. Calculate g(-100).
-3
Let a(i) = -i**2 + 3*i + 82. Give a(-9).
-26
Let x(d) = d**3 - 16*d**2 - 110*d - 6. What is x(-5)?
19
Let l(w) = 44*w - 1053. What is l(32)?
355
Let w(x) = -1581*x - 4910. Give w(-3).
-167
Let p(o) = o**3 - 29*o**2 - 92*o - 125. What is p(32)?
3
Let n(r) = 89*r + 921. Calculate n(-10).
31
Let x(n) = 312*n**2 + 14036*n - 178. What is x(-45)?
2
Let u(r) = 5*r - 178. Calculate u(32).
-18
Let z(m) = -13*m**2 - 118*m + 90. Calculate z(-10).
-30
Let y(s) = 6*s**2 + 62*s - 119. Give y(-12).
1
Let s(b) = 7*b**2 + 50*b - 8. Calculate s(-7).
-15
Let t(x) = x**2 - 7*x + 133. Calculate t(0).
133
Let q(h) = -508*h**2 - 6*h - 4. Give q(-1).
-506
Let c(r) = 4*r - 167. What is c(10)?
-127
Let t(d) = 6*d**2 - 36*d + 1. Give t(6).
1
Let o(s) = 81*s**2 + 485*s + 5. What is o(-6)?
11
Let b(i) = 2*i**3 - 16*i**2 - 251*i + 1986. Calculate b(8).
-22
Let f(i) = 330*i - 7919. What is f(24)?
1
Let i(n) = 19*n + 148. What is i(-7)?
15
Let d(g) = -3*g**2 + 54*g - 177. What is d(4)?
-9
Let q(r) = r**3 - 15*r**2 - 59*r - 36. Give q(19).
287
Let g(r) = r**3 + 18*r**2 + 78*r + 6. What is g(-10)?
26
Let b(q) = 5*q**2 + 318*q - 54. Determine b(-64).
74
Let s(b) = 381*b - 2291. Determine s(6).
-5
Let t(l) = 4*l + 101. Determine t(15).
161
Let v(f) = -f**2 - 9*f - 16. Determine v(-11).
-38
Let u(s) = -s**2 + 522. Determine u(23).
-7
Let f(g) = g**3 + 30*g**2 - 61*g - 988. What is f(-31)?
-58
Let m(p) = -36*p**2 - 492*p + 182. Determine m(-14).
14
Let i(w) = -42*w - 118. Determine i(-2).
-34
Let v(r) = -150*r - 115. Give v(-4).
485
Let r(y) = -y**3 - 15*y**2 + 411*y - 65. Give r(14).
5
Let m(s) = s**3 - 40*s**2 - 1621*s - 255. Calculate m(65).